**3 - 606*j**2 - 1477*j + 1906. What is z(-149)?
-31
Let i(w) = -72*w + 38797. What is i(539)?
-11
Let t(s) = 2401*s - 28771. Determine t(12).
41
Let t(k) = 262437*k + 1312010. Determine t(-5).
-175
Let u(s) = -20*s**2 - 1364*s - 58. What is u(-67)?
1550
Let p(v) = -2*v**2 - 316*v + 31256. What is p(-220)?
3976
Let r(s) = -16768*s + 1173764. Calculate r(70).
4
Let k(u) = 3*u**2 - 183*u - 13. Calculate k(4).
-697
Let i(y) = -3277*y + 147457. What is i(45)?
-8
Let s(f) = -8456*f + 3365392. Calculate s(398).
-96
Let i(b) = 3*b**3 + 397*b**2 + 1297*b + 1325. Give i(-129).
422
Let j(q) = -q**2 - 578*q - 57609. Give j(-450).
-9
Let n(w) = 13*w**3 - 12*w**2 + 150*w - 24. Give n(5).
2051
Let w(z) = -350*z + 10615. Give w(30).
115
Let z(b) = -1406*b + 392224. Give z(279).
-50
Let k(g) = g**2 + 217*g - 1441. Calculate k(0).
-1441
Let y(v) = v**3 - 83*v**2 - 49052*v + 13990. Calculate y(-184).
6
Let t(f) = 3*f**2 - 1713*f - 99224. What is t(-53)?
-8
Let j(g) = 109695*g + 1096951. Determine j(-10).
1
Let z(p) = -14259*p - 57036. Give z(-4).
0
Let c(i) = i**3 + 3*i**2 - 1278*i - 11317. What is c(-9)?
-301
Let t(y) = y**3 - 47*y**2 - 331*y + 447. Calculate t(53).
-242
Let w(l) = 17*l**3 + 3*l**2 + 893*l + 1788. Determine w(-2).
-122
Let n(g) = -3915*g + 48706. Calculate n(12).
1726
Let d(c) = -4*c**3 - 195*c**2 - 508*c + 90. Determine d(-46).
182
Let c(p) = -p**3 - 7*p**2 - 61*p + 314. Calculate c(6).
-520
Let z(q) = -31784*q - 127135. What is z(-4)?
1
Let x(y) = -2*y**2 + 70122*y + 982084. Give x(-14).
-16
Let q(x) = 2*x**3 + 35*x**2 + 56*x - 100. Determine q(-16).
-228
Let y(u) = 1319*u + 196540. Calculate y(-149).
9
Let w(o) = 17*o**2 - 266*o - 842. Calculate w(22).
1534
Let c(s) = 279*s**2 + 2523*s + 95. Determine c(-9).
-13
Let p(c) = 8138*c - 211572. Calculate p(26).
16
Let a(h) = 5*h**2 - 5969*h + 23857. Give a(4).
61
Let a(c) = -c**3 - 7*c**2 + 215*c - 71. Give a(-18).
-377
Let u(g) = 35*g**2 - 29294*g - 834. What is u(837)?
3
Let z(m) = -120*m - 7812. Calculate z(-68).
348
Let y(d) = 222695*d + 890829. Determine y(-4).
49
Let q(x) = -31*x**2 + 711*x - 1914. Give q(20).
-94
Let j(l) = l**3 - 7*l**2 - 15437*l + 138777. Calculate j(9).
6
Let w(a) = a**3 + 35*a**2 - 210*a - 9802. Calculate w(-32).
-10
Let z(h) = -h**3 + 15*h**2 - 2911*h + 11455. What is z(4)?
-13
Let a(v) = 4932*v - 5017. What is a(1)?
-85
Let p(d) = 17361*d - 850687. Determine p(49).
2
Let r(d) = 15*d**3 - 303*d**2 + 46*d + 283. Determine r(20).
3
Let m(n) = -446557*n - 59838639. What is m(-134)?
-1
Let v(z) = z**3 - 67*z**2 - 87380*z - 1386. Give v(331).
-62
Let f(z) = -3*z**2 + 784*z - 26561. Give f(40).
-1
Let i(k) = 667*k + 11777. Calculate i(-18).
-229
Let c(i) = -22*i**2 + 4*i + 11. Give c(-2).
-85
Let k(n) = -627158*n + 7525897. Give k(12).
1
Let f(s) = -3*s**2 - 235*s + 374. Determine f(-24).
4286
Let u(b) = b**2 + 53184*b + 1116430. Determine u(-21).
7
Let z(a) = 3*a**3 + 211*a**2 - 21051*a - 1156. Calculate z(-126).
-22
Let x(r) = r**3 + 34*r**2 - 2833*r - 547. Calculate x(39).
-1
Let o(j) = j**3 - 29*j**2 + 135*j - 137. What is o(4)?
3
Let o(i) = -i**3 - 139*i**2 + 17650*i + 2455565. What is o(-137)?
-23
Let f(n) = 2920*n - 93430. Give f(32).
10
Let a(m) = -5918*m**2 + 355075*m + 289. Determine a(60).
-11
Let o(g) = g**2 + 60*g - 1997. Give o(26).
239
Let w(t) = -21*t**2 + 3315*t - 6548. Determine w(2).
-2
Let a(q) = 444353*q + 888707. What is a(-2)?
1
Let q(g) = 3*g**2 - 46*g + 85. Determine q(11).
-58
Let m(f) = -2256*f + 144374. What is m(64)?
-10
Let f(n) = 2*n**3 - 180*n**2 - 319*n - 4250. Calculate f(92).
258
Let u(d) = 14*d**3 + 18*d**2 + 43*d - 160. Determine u(2).
110
Let m(g) = -g**3 - 146*g**2 - 3215*g - 92. Give m(-27).
-38
Let a(z) = 82*z + 1549. What is a(-21)?
-173
Let i(a) = -a**3 - 132*a**2 - 3775*a + 467. Determine i(-90).
17
Let f(o) = -21212*o - 63644. Calculate f(-3).
-8
Let r(m) = -1123*m + 13321. Calculate r(12).
-155
Let u(v) = -4*v**2 - 3621*v - 325620. Give u(-804).
0
Let r(i) = -i**3 + 61*i**2 - 796*i + 35. Calculate r(42).
119
Let w(k) = k**3 + 57*k**2 - 9112*k - 3038. Calculate w(-128).
34
Let w(x) = 15*x - 1351. Give w(45).
-676
Let v(i) = 30032*i - 150001. Give v(5).
159
Let y(x) = x**3 - 381*x**2 - 826*x + 22882. Give y(383).
-98
Let i(f) = -9*f**2 + 35*f - 17. Determine i(-6).
-551
Let d(g) = 1742*g + 8688. Calculate d(-5).
-22
Let q(v) = v**3 - v**2 - 45*v - 104. Determine q(9).
139
Let f(z) = 2*z - 99. Give f(370).
641
Let p(n) = -3*n**2 + 733*n + 538195. What is p(563)?
-33
Let j(x) = -x**3 - 38*x**2 - 76*x - 46. Determine j(-36).
98
Let l(w) = w**3 - 429*w**2 - 1822*w + 38975. Calculate l(433).
5
Let h(b) = b**3 - 17*b**2 - 18*b + 126. What is h(17)?
-180
Let c(m) = 2*m**3 + 7*m**2 + 105*m + 15. Calculate c(8).
2327
Let t(o) = 52*o**2 - 128*o + 88. Give t(2).
40
Let j(d) = d**3 + 184*d**2 - 1329*d + 1651. What is j(-191)?
123
Let g(p) = -2*p**3 - 5*p**2 - 232*p - 952. Give g(-4).
24
Let w(d) = -2*d**3 - 80*d**2 + 590*d + 731. Calculate w(-46).
-1017
Let b(x) = 126*x + 9526. Calculate b(-78).
-302
Let g(i) = 4*i**3 - 46*i**2 - 30*i. Calculate g(14).
1540
Let o(t) = -8*t**2 - 566*t + 888. Determine o(-73).
-426
Let z(o) = 42556*o + 3957659. What is z(-93)?
-49
Let v(b) = 21*b**2 + 2675*b - 11041. What is v(4)?
-5
Let k(b) = 18*b**3 + 48*b**2 - 17*b - 13. What is k(-3)?
-16
Let d(v) = 3*v**3 - 10*v**2 - 835*v + 4172. Determine d(5).
122
Let t(l) = 3*l**3 + 62*l**2 + 376*l + 1057. What is t(-13)?
56
Let s(h) = h**3 - 20*h + 2846. Determine s(0).
2846
Let t(k) = 2*k**3 - 117*k**2 - 62*k + 424. Determine t(59).
247
Let y(k) = -3*k**3 + 53*k**2 + 1364*k + 295. Determine y(32).
-89
Let j(r) = 2*r**3 + 10*r**2 - 531*r - 1657. What is j(-3)?
-28
Let c(b) = 7*b**2 + 382*b + 1003. Give c(-52).
67
Let t(u) = -u**3 + 22*u**2 + 528*u + 316. Give t(-14).
-20
Let c(g) = 4*g**3 - 22*g**2 - 551*g + 3570. Determine c(7).
7
Let u(b) = -2*b**3 + 27*b**2 - 610*b - 1843. Calculate u(-3).
284
Let a(i) = -3509*i**3 - 10*i**2 - 3*i + 4. Give a(-1).
3506
Let q(g) = -g**3 + 21*g**2 - 98*g + 1598. Calculate q(20).
38
Let c(o) = -424*o**2 - 1183*o + 3552. Determine c(3).
-3813
Let g(n) = -n**3 + 370*n**2 + 22402*n + 7200. What is g(423)?
9
Let o(x) = -3*x**3 - 459*x**2 + 4909*x + 3074. Calculate o(-163).
-23
Let q(c) = -c**3 + 99*c**2 - 1362*c + 49677. Give q(90).
-3
Let z(u) = 13*u**2 + 218*u - 67. Determine z(-17).
-16
Let z(s) = -40*s**2 - 2500*s - 1261. Give z(-62).
-21
Let d(w) = 54*w**2 + 79263*w - 13214. What is d(-1468)?
-2
Let h(p) = 23*p**3 + 9015*p**2 - 392*p + 29. Calculate h(-392).
29
Let f(h) = 33*h**3 + 7886*h**2 + 460*h + 167063. Determine f(-239).
2
Let r(j) = 4*j**2 - 960*j + 22625. Give r(26).
369
Let c(r) = 518878*r - 4669899. Determine c(9).
3
Let v(g) = g**3 + 34*g**2 + 197*g + 735. Calculate v(-26).
1021
Let z(c) = -c**2 - 2972*c + 157248. What is z(52)?
0
Let y(v) = 11*v**3 - 670*v**2 - 98*v + 2259. What is y(61)?
2
Let u(t) = -15*t**2 - 1012*t - 5532. What is u(-6)?
0
Let z(m) = -86*m + 16955. Calculate z(199).
-159
Let m(r) = r**3 + 39*r**2 + 323*r - 670. What is m(-25)?
5
Let s(i) = 11*i**3 - 194*i**2 - 338*i + 1002. What is s(19)?
-5
Let q(a) = 524*a + 97604. Determine q(-186).
140
Let f(u) = u**3 - 115*u**2 + 33*u - 31203. Calculate f(117).
36
Let v(j) = 10*j**2 - 560*j - 5449. Give v(-10).
1151
Let u(j) = 5*j**3 + 759*j**2 - 152*j + 19. Determine u(-152).
19
Let x(k) = 10*k**2 + 1466*k + 49152. Determine x(-52).
-40
Let t(r) = -1684*r + 39984. Determine t(22).
2936
Let c(m) = -41*m**3 + 2*m**2 + 28*m - 26. What is c(1)?
-37
Let j(f) = -190*f**3 - 154*f**2 - 97*f - 98. What is j(-1)?
35
Let o(u) = -2*u**2 + 61*u - 147. Calculate o(3).
18
Let k(b) = -13*b**3 + b**2 + 1240*b + 3693. Calculate k(-3).
333
Let l(a) = 2*a**3 - 21*a**2 - 39*a + 552. Give l(9).
-42
Let d(y) = -328*y**2 + 1285*y + 19. Calculate d(2).
1277
Let u(s) = 61863*s - 618182. Give u(10).
448
Let y(i) = 18*i**2 + 68404*i + 68403. Calculate y(-1).
17
Let l(y) = y**3 - 29*y**2 - 469*y - 950. Determine l(41).
-7
Let j(y) = -y**2 - 94*y + 9940. Calculate j(67).
-847
Let h(b) = 3*b**2 - 5254*b + 1253714. What is h(285)?
-1
Let f(s) = s**3 - 48*s**2 - 337*s - 24. Determine f(-6).
54
Let l(y) = 9*y**3 - 51*y**2 + 89*y - 488. What is l(6)?
154
Let u(l) = -24*l**3 - 2595*l**2 + 